hat is the tens digit of r?
3
Suppose -2*m = 4 + 4. What is the tens digit of (400/140)/(m/(-14))?
1
Suppose -599 = -y - 2*w + 616, 1206 = y + 5*w. What is the hundreds digit of y?
2
Let n be (6/4)/((-2)/(-4)). Suppose -3*m = -l + 93, n*l + 1 = m + 312. Suppose -2*k - k = -2*p + 42, l = 5*p - 2*k. What is the tens digit of p?
2
Suppose -321*z + 314*z = -5586. What is the tens digit of z?
9
Let h be (-4 - 63/(-14)) + (-26)/4. What is the units digit of (999/18)/((-3)/h)?
1
What is the hundreds digit of 2101 + 1 + (-5 - -10 - 2)?
1
Suppose 4838 = 4*y - 12654. What is the hundreds digit of y?
3
Suppose h - 5*c - 443 = 0, 865 = 2*h - 5*c + 2*c. Suppose 2*o + h = 5*i, 0 = o - 0 + 4. What is the tens digit of i?
8
Suppose 9*z - 84 = 5*z. What is the units digit of z/(-126) - 277/(-6)?
6
Let c = 8 - 16. Let h = 13 + c. Suppose 8 = h*r + 3. What is the units digit of r?
1
Let n(k) = k + 7. Let r be (14/(-21))/((-2)/51). Suppose 2*j + 5 = r. What is the tens digit of n(j)?
1
Suppose 0 = 4*i + 20, -2*o - o - 2*i - 4 = 0. Suppose -4*q + 5*y - o*y + 27 = 0, -3*y = -q + 18. Suppose q*s = 5*s - 4. What is the units digit of s?
2
Suppose -1110 = 3*o - 5*p - 8275, 5*p - 7115 = -3*o. What is the tens digit of o?
8
Suppose -4*t = -20, -425 = -m + 2*t - t. What is the hundreds digit of m?
4
Let j = 764 + 235. What is the hundreds digit of j?
9
What is the units digit of ((-13)/(-2))/(-13) - (-13316)/8?
4
Suppose 0 = 107*y - 359657 + 118051. What is the thousands digit of y?
2
Let z(m) = -24*m + 3 + 12*m + 9*m. What is the tens digit of z(-5)?
1
Let j(b) = -129*b - 3. Let k be j(-1). Suppose 7*q = 4*q + k. What is the units digit of q?
2
Suppose 124*m = 122*m + 3000. What is the units digit of m?
0
Let m(j) = -3*j + 7 + j + 11 - 9. Suppose 2*y + 4 = -f, y + 10 = -3*f - 7. What is the units digit of m(f)?
1
Suppose 6887 = 3*c - 4*p, -c + 5*p = 4*c - 11480. What is the tens digit of c?
9
What is the hundreds digit of 537 - ((3 - -3) + -13 - -3)?
5
Let t(b) = -b**3 + 3*b**2 + b - 7. Let m be t(3). What is the units digit of (12/(-2))/((-3941)/980 - m)?
0
Let s be (-8)/(-12)*(143 + 1). Let t(h) = h**2 - 6*h + 5. Let g be t(5). Suppose g = 4*j - j - s. What is the units digit of j?
2
Let s = 126 - 119. Let c(y) = 29*y - 8. What is the tens digit of c(s)?
9
Let i(t) = 8*t**2 + 9*t + 8. What is the units digit of i(-5)?
3
Suppose 4*j + 1 = a - 9, 5*j + 17 = -a. Suppose 3*i = -3 - 0. What is the tens digit of 11 - (i - a)/1?
1
Let l(y) = 6*y + 4. Let i(o) = -2. Let z(b) = -2*i(b) - 2*l(b). What is the tens digit of z(-19)?
2
Suppose 5*y + 21 + 6 = -2*o, -4*o + 3*y = 41. Let p(l) = l**2 + l + 2. Let i be p(o). Let c = i + -65. What is the tens digit of c?
4
Let x be 0 + 1 + (3 - 5). Let q(k) = 7*k + 1. Let r be q(x). Let t = r + 11. What is the units digit of t?
5
Suppose -a - 5*d + 4*d + 2292 = 0, 2*d + 2301 = a. What is the hundreds digit of a?
2
Let o = -3489 - -7695. What is the thousands digit of o?
4
Suppose u + 3*w = 4*w + 2, 4*u - 6 = 5*w. Suppose -u = -2*y + y. Let h = -1 + y. What is the units digit of h?
3
Let m be (-8 + 9)/((-1)/19). Let j = m + 36. What is the tens digit of j?
1
Let n = -23 - -27. Suppose p + n*p = -5*f + 670, f - 4*p - 109 = 0. What is the tens digit of f?
2
Suppose -3*w + 32148 = 33*w. What is the units digit of w?
3
Let n = -427 + 1372. What is the units digit of n?
5
Suppose 0 = 2*u - 2*x - 2845 - 1473, 0 = -4*u - 5*x + 8663. What is the tens digit of u?
6
Suppose 16 = -13*m + 146. What is the units digit of (m + -13)*40/(-3)?
0
Let s(m) = -142*m - 40. What is the units digit of s(-11)?
2
Let t(d) be the second derivative of d**2 + 1/6*d**3 + d + 0. What is the units digit of t(14)?
6
Let c = 443 + -234. What is the hundreds digit of c?
2
Let c be (-58)/(-10) + (-5)/(-25). Suppose c = 3*b - 3. Suppose -4*u + 27 = -u + 4*y, 5*u - 34 = -b*y. What is the units digit of u?
5
Suppose -17*l + 4769 = -14186. What is the hundreds digit of l?
1
Let f(j) be the second derivative of 22*j**3/3 - 3*j**2 + 9*j. Let x(i) = -15*i + 2. Let r(w) = 3*f(w) + 10*x(w). What is the units digit of r(-1)?
0
What is the thousands digit of 19365/(-6)*(42/10 - 5)?
2
Suppose 786 = 11*w - 9*w. What is the hundreds digit of w?
3
Suppose y - 9 = 3*d, 3*y - 11 = -4*d + 5*d. What is the units digit of (y/(9/(-46)))/(12/(-36))?
6
Let j = -409 + 2743. What is the units digit of j?
4
Suppose 8*l - 5*l - 120 = 0. What is the tens digit of l?
4
Let m(x) = -x**3 - x**2 + 4*x + 4. Let s be m(-6). Suppose -g - 180 = -4*i - 3*g, -s = -4*i + 3*g. What is the units digit of i?
3
Let a be (-4 + 3)/(1/(-113)). Suppose 0 = 3*n - a - 13. Suppose x - n = -3. What is the units digit of x?
9
Suppose 5*o - 25 = -10. Suppose o*g = 2*g + 4. Let z = g + -2. What is the units digit of z?
2
Suppose 3*u + 2*c = 589, 0*c - 762 = -4*u + 2*c. Suppose -3*j + u = 67. What is the units digit of j?
2
Suppose -5*l = -505 - 900. What is the tens digit of l?
8
Let a(c) = 118*c - 243. What is the tens digit of a(5)?
4
What is the hundreds digit of (3633/(-2))/((-96)/128)?
4
Suppose -75*k = -88*k + 8151. What is the tens digit of k?
2
Let d be 46/2*-2 + 0. Let m = -218 + 194. Let w = m - d. What is the units digit of w?
2
Suppose 11 = 5*c - 19. Let a = -8 + c. Let o = 24 + a. What is the tens digit of o?
2
Suppose 3*n - 19 = 53. Suppose s + n = -15. Let x = -26 - s. What is the tens digit of x?
1
Suppose 0 = a - 461 - 161. What is the hundreds digit of a?
6
Let q = -2422 - -3852. What is the units digit of q?
0
Let f(j) = -2*j**3 + 16*j**2 + 6*j + 8. Let u be f(8). Suppose -u = -12*m + 16. What is the units digit of m?
6
Let w(h) = -152*h + 5. Let t(p) = 51*p - 2. Let y = -24 + 32. Let o(r) = y*t(r) + 3*w(r). What is the tens digit of o(-1)?
4
Let q = -13 + -5. Let d(y) = y**2 - 18*y - 6. Let c be d(15). Let z = q - c. What is the tens digit of z?
3
Suppose -18*j + 13*j = 465. What is the tens digit of (-6)/1 - -2 - j?
8
Let m = -28 + 27. Let s(q) = 12*q**2 + 1. What is the tens digit of s(m)?
1
Let f be 189/(-18)*2/(-3). Suppose 0 = -2*r - 5*t - 7, -17 = -3*r + r + 3*t. What is the units digit of f*(26/(-7) + r)?
2
Suppose 7*r + 639 = 10*r. Suppose -14*q + 11*q + r = 0. Let b = q - 30. What is the tens digit of b?
4
What is the tens digit of (-1181 + -28)*8/(-6)?
1
Let t(o) = -2*o + 14. Let z(m) be the second derivative of m**3/3 - 13*m**2/2 + 3*m. Let r(c) = -4*t(c) - 5*z(c). What is the tens digit of r(-7)?
2
Suppose 19*g + 190 = 14*g. Let u = 97 + g. What is the units digit of u?
9
Suppose -4*h = -8*h - 20. Let f be 2/(-3) + 196/6. Let i = f - h. What is the tens digit of i?
3
Suppose -260 = 5*i + 170. Let x = i + 143. What is the units digit of x?
7
What is the tens digit of 15/(105/(-14))*-974?
4
Let b(f) = -f**3 + 13*f**2 + 127*f. What is the hundreds digit of b(-8)?
3
What is the units digit of 4837/49 + 5/((-70)/(-4))?
9
Suppose 5*n - 196 + 38 = k, 3*n - 2*k - 99 = 0. Suppose -34*u = -n*u - 555. What is the units digit of u?
5
Suppose -2*k = -10*z + 15688, z - 197 - 1351 = -5*k. What is the tens digit of z?
6
What is the units digit of ((-97903)/13 + 21)/(-2 + 0)?
5
Let u = 11 - 11. Suppose u = -5*p + 7 + 43. Suppose -p = 5*w - 55. What is the units digit of w?
9
Let i(k) = -13*k. Let v be i(-6). Let z = -22 + v. What is the tens digit of z?
5
Let a = 40 + -44. What is the hundreds digit of (a/4 - 32)/(18/(-120))?
2
Let l(j) = j**2 + j + 2. Let h be l(-2). Let s be 4 - (-3)/6*h. Suppose 3*d + 99 = s*d. What is the units digit of d?
3
Let d(s) = 2*s**3 - 62*s**2 + 29*s + 89. What is the tens digit of d(31)?
8
Let r(z) = 3*z**3 + 13*z**2 + 18*z - 16. Let n(j) = -10*j**3 - 39*j**2 - 53*j + 49. Let w(y) = 2*n(y) + 7*r(y). What is the units digit of w(-11)?
8
Let o(a) = -a**2 - 11*a + 30. Let i be o(-13). Let s be (-2 + i - -8) + -4. What is the units digit of 6/4*(18 + s)?
6
Let s = -9 + 14. Let m be 74/2*(s + -4). Let z = m - 20. What is the units digit of z?
7
Let p(c) = c**3 - 6*c + 88 + c + 2*c**3 - 92 - 9*c**2 - 2*c**3. Let k(i) = -9*i + 1. Let y be k(-1). What is the units digit of p(y)?
6
Let i(y) = y**3 + 10*y**2 - 2*y - 14. Let r be i(-10). Let a = 9 - r. Suppose -a*w - w = -116. What is the units digit of w?
9
Let q = -116 + 577. What is the hundreds digit of q?
4
Suppose -8 = 2*j - 0*j. 